{"id":77,"date":"2013-06-27T19:39:41","date_gmt":"2013-06-27T19:39:41","guid":{"rendered":"http:\/\/caecilia.at\/?page_id=77"},"modified":"2025-04-29T17:57:33","modified_gmt":"2025-04-29T15:57:33","slug":"impressum","status":"publish","type":"page","link":"https:\/\/caecilia.at\/?page_id=77","title":{"rendered":"i m p r e s s u m"},"content":{"rendered":"<p><span style=\"font-family: 'Courier New', monospace;\"><span style=\"font-size: medium;\">caecilia <\/span><\/span><\/p>\n<p><span style=\"font-family: 'Courier New', monospace;\"><span style=\"font-size: medium;\">office@caecilia.at<\/span><\/span><\/p>\n<p><span style=\"font-family: 'Courier New', monospace;\"><span style=\"font-size: medium;\">Offenlegung nach \u00a7 25 Mediengesetz\/Copyright\/Haftung Medieninhaber und Herausgeber: Sigrid Likar, Schwenkgasse 6\/17, 1120 Wien, Austria T\u00e4tigkeitsbereich und Richtung der Website k\u00f6nnen den Hauptseiten entnommen werden. Copyright 2013:S\u00e4mtliche Inhalte, Texte und Grafiken dieser Website d\u00fcrfen ohne ausdr\u00fcckliche Genehmigung der oben angef\u00fchrten Person weder kopiert noch in einer anderen Weise verwendet werden. Haftungshinweis: Trotz sorgf\u00e4ltiger inhaltlicher Kontrolle \u00fcbernehme ich keine Haftung f\u00fcr die Inhalte externer Links. F\u00fcr den Inhalt der verlinkten Seiten sind ausschlie\u00dflich deren Betreiber verantwortlich. <\/span><\/span><\/p>\n<pre style=\"text-align: center;\"><\/pre>\n","protected":false},"excerpt":{"rendered":"<p>caecilia office@caecilia.at Offenlegung nach \u00a7 25 Mediengesetz\/Copyright\/Haftung Medieninhaber und Herausgeber: Sigrid Likar, Schwenkgasse 6\/17, 1120 Wien, Austria T\u00e4tigkeitsbereich und Richtung der Website k\u00f6nnen den Hauptseiten entnommen werden. Copyright 2013:S\u00e4mtliche Inhalte, Texte und Grafiken dieser Website d\u00fcrfen ohne ausdr\u00fcckliche Genehmigung der oben angef\u00fchrten Person weder kopiert noch in einer anderen Weise verwendet werden. Haftungshinweis: Trotz sorgf\u00e4ltiger [&hellip;]<\/p>\n","protected":false},"author":1,"featured_media":0,"parent":0,"menu_order":0,"comment_status":"open","ping_status":"open","template":"","meta":{"footnotes":""},"class_list":["post-77","page","type-page","status-publish","hentry"],"_links":{"self":[{"href":"https:\/\/caecilia.at\/index.php?rest_route=\/wp\/v2\/pages\/77","targetHints":{"allow":["GET"]}}],"collection":[{"href":"https:\/\/caecilia.at\/index.php?rest_route=\/wp\/v2\/pages"}],"about":[{"href":"https:\/\/caecilia.at\/index.php?rest_route=\/wp\/v2\/types\/page"}],"author":[{"embeddable":true,"href":"https:\/\/caecilia.at\/index.php?rest_route=\/wp\/v2\/users\/1"}],"replies":[{"embeddable":true,"href":"https:\/\/caecilia.at\/index.php?rest_route=%2Fwp%2Fv2%2Fcomments&post=77"}],"version-history":[{"count":15,"href":"https:\/\/caecilia.at\/index.php?rest_route=\/wp\/v2\/pages\/77\/revisions"}],"predecessor-version":[{"id":1688,"href":"https:\/\/caecilia.at\/index.php?rest_route=\/wp\/v2\/pages\/77\/revisions\/1688"}],"wp:attachment":[{"href":"https:\/\/caecilia.at\/index.php?rest_route=%2Fwp%2Fv2%2Fmedia&parent=77"}],"curies":[{"name":"wp","href":"https:\/\/api.w.org\/{rel}","templated":true}]}}